-- http://www.phpmyadmin.net
--




--
-- Database: `laravelblog`
--

-- --------------------------------------------------------

--
-- Table structure for table `categories`
--

CREATE TABLE `categories` (
  `category_id` int(10) UNSIGNED NOT NULL,
  `category_name` varchar(255) COLLATE utf8_unicode_ci NOT NULL,
  `created_at` timestamp NULL DEFAULT NULL,
  `updated_at` timestamp NULL DEFAULT NULL
) ENGINE=InnoDB DEFAULT CHARSET=utf8 COLLATE=utf8_unicode_ci;

--
-- Dumping data for table `categories`
--

INSERT INTO `categories` (`category_id`, `category_name`, `created_at`, `updated_at`) VALUES
(3, 'Hiburan', NULL, NULL),
(4, 'Berita', NULL, NULL),
(7, 'Cerita', NULL, NULL),
(8, 'Puisi', NULL, NULL);

-- --------------------------------------------------------

--
-- Table structure for table `categories_posts`
--

CREATE TABLE `categories_posts` (
  `categories_posts_id` int(10) UNSIGNED NOT NULL,
  `post_id` int(10) UNSIGNED NOT NULL,
  `category_id` int(10) UNSIGNED NOT NULL,
  `created_at` timestamp NULL DEFAULT NULL,
  `updated_at` timestamp NULL DEFAULT NULL
) ENGINE=InnoDB DEFAULT CHARSET=utf8 COLLATE=utf8_unicode_ci;

--
-- Dumping data for table `categories_posts`
--

INSERT INTO `categories_posts` (`categories_posts_id`, `post_id`, `category_id`, `created_at`, `updated_at`) VALUES
(10, 4, 3, '2018-01-15 23:08:46', '2018-01-15 23:08:46'),
(11, 4, 4, '2018-01-15 23:08:47', '2018-01-15 23:08:47'),
(12, 4, 7, '2018-01-15 23:08:47', '2018-01-15 23:08:47'),
(13, 4, 8, '2018-01-15 23:08:47', '2018-01-15 23:08:47'),
(14, 5, 4, '2018-01-15 23:08:57', '2018-01-15 23:08:57'),
(15, 1, 4, '2018-01-15 23:09:03', '2018-01-15 23:09:03'),
(16, 1, 7, '2018-01-15 23:09:03', '2018-01-15 23:09:03'),
(24, 3, 3, '2018-01-15 23:15:15', '2018-01-15 23:15:15'),
(25, 3, 7, '2018-01-15 23:15:15', '2018-01-15 23:15:15'),
(26, 3, 8, '2018-01-15 23:15:15', '2018-01-15 23:15:15'),
(33, 2, 3, '2018-01-15 23:17:15', '2018-01-15 23:17:15'),
(34, 2, 4, '2018-01-15 23:17:15', '2018-01-15 23:17:15'),
(35, 2, 7, '2018-01-15 23:17:15', '2018-01-15 23:17:15'),
(36, 2, 8, '2018-01-15 23:17:15', '2018-01-15 23:17:15');

-- --------------------------------------------------------

--
-- Table structure for table `migrations`
--

CREATE TABLE `migrations` (
  `migration` varchar(255) COLLATE utf8_unicode_ci NOT NULL,
  `batch` int(11) NOT NULL
) ENGINE=InnoDB DEFAULT CHARSET=utf8 COLLATE=utf8_unicode_ci;

--
-- Dumping data for table `migrations`
--

INSERT INTO `migrations` (`migration`, `batch`) VALUES
('2014_10_12_000000_create_users_table', 1),
('2014_10_12_100000_create_password_resets_table', 1),
('2018_01_14_021740_create_posts', 1),
('2018_01_15_071634_create_categories', 1),
('2018_01_15_071745_create_categories_posts', 1);

-- --------------------------------------------------------

--
-- Table structure for table `posts`
--

CREATE TABLE `posts` (
  `post_id` int(10) UNSIGNED NOT NULL,
  `title` varchar(255) COLLATE utf8_unicode_ci NOT NULL,
  `content` text COLLATE utf8_unicode_ci NOT NULL,
  `user_id` int(10) UNSIGNED NOT NULL,
  `created_at` timestamp NULL DEFAULT NULL,
  `updated_at` timestamp NULL DEFAULT NULL
) ENGINE=InnoDB DEFAULT CHARSET=utf8 COLLATE=utf8_unicode_ci;

--
-- Dumping data for table `posts`
--

INSERT INTO `posts` (`post_id`, `title`, `content`, `user_id`, `created_at`, `updated_at`) VALUES
(1, 'DUNIA MAKIN GILA, SEORANG TUKANG POS MENIKAH DENGAN SEEKOR KUCING', 'Beberapa hari yang lalu saya sempat posting tentang seseorang yang menikah dengan bantal, kali ini saya akan memberitahukan pernikahan gila lagi yang dilakukan oleh seorang tukang pos.\r\n\r\nSeorang tukang pos yang lama hidup sendiri telah menikah dengan seekor kucing peliharaannya yang didiagnosis menderita penyakit obesitas dan divonis tidak dapat hidup lebih lama lagi.\r\n\r\n“Cecilia adalah makhluk yang setia. Kami berpelukan sepanjang waktu dan ia selalu tidur di tempat tidur saya” Mr. Mitzcherlich, 39, mengatakan kepada surat kabar Bild.\r\n\r\n“kami saling jatuh cinta satu sama lain, itu sangat unik” jelas Mitzcherlich\r\n\r\nMitzcherlich, seorang pria lajang dari Passendorf, Jerman Timur, dideskripsikan dan dijuliki ‘kucing obesitas penderita asma’ sebagai lelucon.\r\n\r\nKarena menikah secara ilegal, orang itu dituntut €300 ($428). Dalam upacara pernikahan yang sakral tersebut, saudara kembarnya, Erik, dipercaya untuk menjabat sebagai saksi.\r\n\r\nKedua pasangan terlihat ceria. Mr Mitzscherlich menggunakan topi dalam setelan baju pernikahanya sementara itu, Cecilia, kucing berumur 15 tahun terus mengeong dengan keras sembari berjalan menuju pelaminan dengan gaun putih.\r\n\r\nAktris Maria Christin Lohri yang meresmikan upacara pernikahan aneh tersebut mengatakan: “pada awalnya saya pikir itu hanya lelucon untuk orang itu namun nampaknya itu adalah sebuah mimpi yang menjadi kenyataan.”\r\n\r\nBagaimana pendapat anda?', 1, '2018-01-15 07:49:26', '2018-01-15 07:49:26'),
(2, 'PENEMUAN BAHTERA NABI NUH OLEH TIM EVANGELIS, BENARKAH?', 'Munculnya klaim yang mengatakan kapal Nabi Nuh telah ditemukan di Gunung Ararat Turki dibantah oleh berbagai peneliti. Banyak website yang ramai membicarakan klaim bantera Nabi Nuh telah ditemukan di Gunung Ararat, Turki.\r\n\r\nPenemu yang dipimpin oleh kelompok evangelis, mengatakan yakin 99,9% struktur kayu yang ditemukan di sisi gunung itu merupakan bagian dari kapal yang disebutkan dalam kitab suci. Kapal itu dikatakan yang menampung keluarga Nabi Nuh serta berbagai hewan selama kejadian banjir besar pada 4800 tahun lalu. Namun peneliti yang telah menghabiskan beberapa dekade untuk mempelajari daerah tersebut, membantah penemuan kapal Nabi Nuh itu.\r\n\r\n“Anda harus mengeluarkannya dari konteks kitab suci,” ujar Paul Zimansky, arkeolog dan ahli sejarah di Srony Book University yang mengambil spesialisasi sekitar wilayah Timur, khususnya wilayah sekitar Ararat, dikenal dengan nama Urartu. Arkeolog lain, Peter Ian Kuniholm yang fokus dengan Turki selama beberapa dekade bahkan mengatakannya secara lebih langsung laporan penemuan ini adalah “tipuan”.\r\n\r\nZimansky menekankan berdasarkan Kitab Suci, Gunung Urartu (atau Ararat) sebagai tempat mendarat dari kapal tersebut, namun tidak disebutkan secara spesifik. Selama beberapa tahun, Gunung Ararat dengan tinggi 16.946 kaki serta memiliki formasi bebatuan Durupinar yang berbentuk mirip kapal telah menjadi tempat favorit bagi para pencari kapal Nuh ini.\r\n\r\nPihak lain mencari bukti kapal itu di wilayah kejadian banjir yaitu Laut Hitam, Turki, atau Iran. Laporan dari kemunculan bahtera Nabi Nuh ini setidaknya hadir setiap 2 tahun, serta tidak selalu berada di tempat yang sama. Laporan terakhir yang diumumkan kemarin menyangkut lanjutan ekspedisi di tahun 2007 dan menemukan struktur “interior gua kayu yang tidak biasa” di kaki lereng Ararat di ketinggian 14.700 kaki. Penelitian ini dilakukan oleh Noah’s Ark Ministries International yang berbasis di Hongkong.\r\n\r\nPemimpin peneliti China-Turki ini mengatakan jenis kayu yang mereka temukan dari struktur di Ararat itu berdasarkan perhitungan karbon diperkirakan berumur 4.800 tahun\r\n\r\nSebuah artikel dari daily news yang memberitakan tentang penemuan Noah Ark oleh tim Evangelis . Yeung Wing cheung, mengatakan “Itu bukan 100% bahtera nuh, tapi kami pikir itu 99,9% itu adalah Bahtera Nuh.”', 1, '2018-01-15 07:52:16', '2018-01-15 07:52:16'),
(3, 'Khazanah,Temasek Berjaya Siapkan Projek Pembangunan Bersama Ikonik Di Singapura', 'SINGAPURA, 15 Jan (Bernama) -- Khazanah Nasional Bhd dan Temasek Holdings (Private) Ltd hari ini meraikan kejayaan menyiapkan dua projek pembangunan bersama ikonik di Singapura, dengan pelancaran rasmi Marina One dan DUO oleh Perdana Menteri Malaysia Datuk Seri Najib Tun Razak dan Perdana Menteri Singapura Lee Hsien Loong.\r\n\r\nKejayaan menyiapkan dan pelancaran rasmi Marina One dan DUO, yang memiliki gabungan nilai pembangunan kasar kira-kira S$11 bilion (S$1=RM3), adalah hasil kerjasama antara Malaysia dan Singapura yang dimanfaatkan daripada hubungan dua hala yang kukuh dan telah lama terjalin antara kedua-dua negara.\r\n\r\n"Kejayaan menyiapkan projek pembangunan bersama bertaraf dunia oleh Khazanah dan Temasek membuktikan apa yang kita boleh capai menerusi kerjasama dan perkongsian erat yang memanfaatkan kekuatan dan faktor-faktor saling melengkapi antara kedua-dua negara, dalam hal ini gabungan kekuatan dan nilai-nilai kompetitif Iskandar Malaysia dan Singapura," kata Pengarah Urusan Khazanah, Tan Sri Azman Mokhtar, dalam satu kenyataan bersama yang dikeluarkan, di sini.\r\n\r\nMarina One dan DUO juga menjadi bukti kerjasama erat antara Khazanah dan Temasek, serta komitmen dan keupayaan mereka untuk memajukan bersama dua projek ikonik utama yang memberi manfaat kepada kedua-dua negara.', 1, '2018-01-15 18:07:22', '2018-01-15 18:07:22'),
(4, 'Khazanah,Temasek Berjaya Siapkan Projek Pembangunan Bersama Ikonik Di Singapura', 'SINGAPURA, 15 Jan (Bernama) -- Khazanah Nasional Bhd dan Temasek Holdings (Private) Ltd hari ini meraikan kejayaan menyiapkan dua projek pembangunan bersama ikonik di Singapura, dengan pelancaran rasmi Marina One dan DUO oleh Perdana Menteri Malaysia Datuk Seri Najib Tun Razak dan Perdana Menteri Singapura Lee Hsien Loong.\r\n\r\nKejayaan menyiapkan dan pelancaran rasmi Marina One dan DUO, yang memiliki gabungan nilai pembangunan kasar kira-kira S$11 bilion (S$1=RM3), adalah hasil kerjasama antara Malaysia dan Singapura yang dimanfaatkan daripada hubungan dua hala yang kukuh dan telah lama terjalin antara kedua-dua negara.\r\n\r\n"Kejayaan menyiapkan projek pembangunan bersama bertaraf dunia oleh Khazanah dan Temasek membuktikan apa yang kita boleh capai menerusi kerjasama dan perkongsian erat yang memanfaatkan kekuatan dan faktor-faktor saling melengkapi antara kedua-dua negara, dalam hal ini gabungan kekuatan dan nilai-nilai kompetitif Iskandar Malaysia dan Singapura," kata Pengarah Urusan Khazanah, Tan Sri Azman Mokhtar, dalam satu kenyataan bersama yang dikeluarkan, di sini.\r\n\r\nMarina One dan DUO juga menjadi bukti kerjasama erat antara Khazanah dan Temasek, serta komitmen dan keupayaan mereka untuk memajukan bersama dua projek ikonik utama yang memberi manfaat kepada kedua-dua negara.', 1, '2018-01-15 18:07:36', '2018-01-15 18:07:36'),
(5, 'Berita 1', 'Berita', 1, '2018-01-15 19:53:54', '2018-01-15 19:53:54'),
(6, 'Berita 2', 'Berita dua', 1, '2018-01-15 19:54:06', '2018-01-15 19:54:06'),
(7, 'Hiburan 1', 'Hiburan sahaja', 1, '2018-01-15 19:54:17', '2018-01-15 19:54:17'),
(8, 'Hiburan 2', 'Hiburan sahaja 2', 1, '2018-01-15 19:54:29', '2018-01-15 19:54:29'),
(9, 'Berita Hiburan', 'Berita dan hiburan 2', 1, '2018-01-15 19:54:43', '2018-01-15 23:00:30');

--
-- Indexes for dumped tables
--

--
-- Indexes for table `categories`
--
ALTER TABLE `categories`
  ADD PRIMARY KEY (`category_id`);

--
-- Indexes for table `categories_posts`
--
ALTER TABLE `categories_posts`
  ADD PRIMARY KEY (`categories_posts_id`),
  ADD KEY `categories_posts_post_id_foreign` (`post_id`),
  ADD KEY `categories_posts_category_id_foreign` (`category_id`);

--
-- Indexes for table `posts`
--
ALTER TABLE `posts`
  ADD PRIMARY KEY (`post_id`),
  ADD KEY `posts_user_id_foreign` (`user_id`);

--
-- AUTO_INCREMENT for dumped tables
--

--
-- AUTO_INCREMENT for table `categories`
--
ALTER TABLE `categories`
  MODIFY `category_id` int(10) UNSIGNED NOT NULL AUTO_INCREMENT, AUTO_INCREMENT=9;
--
-- AUTO_INCREMENT for table `categories_posts`
--
ALTER TABLE `categories_posts`
  MODIFY `categories_posts_id` int(10) UNSIGNED NOT NULL AUTO_INCREMENT, AUTO_INCREMENT=37;
--
-- AUTO_INCREMENT for table `posts`
--
ALTER TABLE `posts`
  MODIFY `post_id` int(10) UNSIGNED NOT NULL AUTO_INCREMENT, AUTO_INCREMENT=10;
--
-- Constraints for dumped tables
--

--
-- Constraints for table `categories_posts`
--
ALTER TABLE `categories_posts`
  ADD CONSTRAINT `categories_posts_category_id_foreign` FOREIGN KEY (`category_id`) REFERENCES `categories` (`category_id`) ON DELETE CASCADE,
  ADD CONSTRAINT `categories_posts_post_id_foreign` FOREIGN KEY (`post_id`) REFERENCES `posts` (`post_id`) ON DELETE CASCADE;

--
-- Constraints for table `posts`
--
ALTER TABLE `posts`
  ADD CONSTRAINT `posts_user_id_foreign` FOREIGN KEY (`user_id`) REFERENCES `users` (`id`) ON DELETE CASCADE;

